 Let l be s(-3). Let v = l - 93. Calculate the greatest common factor of v and 18.
9
Let c(o) = o**3 + 20*o**2 - 27*o + 101. Let g be c(-18). What is the highest common divisor of g and 190?
95
Suppose 2*g - 29 = -4*w + 31, 5*w - 5 = 0. Let y = 9 - 24. Let b = g + y. Calculate the greatest common factor of b and 39.
13
Let j = 0 - -9. Suppose -3*u + 0*u + j = 0. Let f be 10/(u/((-33)/(-2))). What is the highest common divisor of 5 and f?
5
Let k(r) = 1276*r + 9 - 1276*r - r**2. Let b be k(0). Calculate the highest common divisor of b and 27.
9
Suppose 5 = -5*i - 25. Let s = i + 28. What is the greatest common divisor of s and 33?
11
Let o be 461 - (-3 + (1 - -3)). Let m be 1/(-2) - o/(-8). Let d be m + -3 + (2 - -4). What is the greatest common divisor of 12 and d?
12
Suppose -k - 154 = o - 3*o, 0 = -2*k - o - 308. Let m be (-2)/14 + (-24046)/k. What is the greatest common factor of m and 12?
12
Let c be (0 - 3 - -4)*(-1 - -4). Suppose 5*h + c*o = 327 + 223, -o = -5*h + 550. Calculate the greatest common divisor of h and 10.
10
Let v be (-1)/(((-21)/14)/(-3)) - -29. Let i(m) = m**3 + 3*m**2 - m. Let p be i(4). Calculate the highest common divisor of v and p.
27
Suppose 2*b = -3*c + 7, -5*b + 2*c + 6 = -2*c. Suppose b = 10*q - 28. Calculate the highest common divisor of q and 33.
3
Let y = -22 + 16. Let b be (8/5)/(y/(-15)). Suppose b*r - 57 = -17. What is the highest common divisor of r and 80?
10
Suppose 12 - 7 = d. Suppose 4*x = -h - x - 4, -d*x = 3*h - 28. What is the highest common divisor of 40 and h?
8
Let g = 44 - 38. Let q(b) = b**2 + 11*b - 2. Let a be q(g). Calculate the highest common divisor of a and 10.
10
Let g = 349 - 319. What is the highest common factor of g and 12?
6
Let i(o) = 67*o + 18. Let q be i(-5). Let x = 445 + q. Calculate the greatest common divisor of 32 and x.
32
Let a = -8 - -11. Suppose t - 106 = -a*n, 2*n - 5*t - 61 = 21. Calculate the highest common factor of n and 36.
36
Let l be 96/6 - (1 - 1). Let j(g) = -g**2 - 9*g + 26. Let k be j(-11). Calculate the greatest common factor of k and l.
4
Let y(d) = -d**2 - 9*d - 4. Let w be y(-8). Suppose w*m = m. Let t be (m - 0) + 35/5. What is the greatest common divisor of 35 and t?
7
Suppose -184 = -6*z + 2. Let j be -1 + 0 - (-27)/1. Suppose -z = -f + j. What is the greatest common divisor of 38 and f?
19
Let b be (-92)/(-23) - (0/(-2) - -1). Suppose 2 = -b*h + 14. Suppose -2*k + 10 = 4*v - 2*v, -4*k - 10 = -v. Calculate the highest common divisor of h and v.
2
Let d(a) = -a**2 - 14*a - 10. Let v be d(-13). Let o be (20/12 - -1)*v. Calculate the highest common factor of 56 and o.
8
Let d = 26 + -12. Suppose i + d*i - 165 = 0. What is the highest common divisor of 11 and i?
11
Let q(x) = 2*x**3 + 2*x**2 + 4*x + 2. Let l be q(-2). Let t be 7/(l/4) + 29. Let r = -15 + t. What is the greatest common divisor of 6 and r?
6
Let i be 9432/8 + -1 + 7. Calculate the greatest common divisor of 79 and i.
79
Let l be 4/(-1) - 18/6. Let u(h) = 4*h**2 + 8*h + 4. Let v be u(l). What is the greatest common divisor of v and 16?
16
Suppose 6*b - 125 = 49. Suppose 0 = -5*z + b - 4. Let r be 4/2 + 2 + 1. Calculate the greatest common divisor of r and z.
5
Let r(f) = -f**3 + 26*f**2 - 20*f - 120. Let d be r(25). Calculate the greatest common factor of 80 and d.
5
Let i = 1 + -1. Suppose 4*g - 5*a - 45 = i, -g + 3*g + 4*a = -10. Suppose 7 = g*v - 43. What is the greatest common factor of v and 2?
2
Suppose -79 = -4*t + 5*h, 12 = 6*h - 10*h. What is the greatest common divisor of 6 and t?
2
Let x(r) be the second derivative of r**4/12 - 3*r**3 - 13*r**2/2 - 25*r. Let z be x(19). What is the highest common divisor of z and 3?
3
Let y = 2 + 10. Suppose 11*t - y = 8*t. Suppose j + 4*j = 5. What is the highest common divisor of j and t?
1
Suppose 748 = 12*x - 2324. Calculate the greatest common divisor of x and 176.
16
Let s = 2857 + -2854. Calculate the highest common divisor of 219 and s.
3
Let i = 76 + -50. Suppose 4*w = 7*w - 117. Calculate the highest common factor of i and w.
13
Let v(m) = -m**3 - 10*m**2 - 5*m - 1. Let l be v(-10). Suppose 0 = 2*g + p - l, -42 = -2*g + p + 17. What is the greatest common divisor of 108 and g?
27
Let h = 3703 - 1841. What is the greatest common divisor of 98 and h?
98
Suppose -78 = -6*d - 42. Suppose -3*x + 21 = 3*r, 5*r = 5*x - 7*x + 23. Calculate the highest common factor of x and d.
2
Suppose 97*q + 336 = 111*q. What is the greatest common factor of 192 and q?
24
Let w = 11 - -10. Let n(c) = c**3 + 5*c**2 + 2*c - 3. Let h be n(-5). Let s = w + h. Calculate the greatest common divisor of 8 and s.
8
Let n = 5 - 1. Suppose -2*z + 3*r + 18 + 3 = 0, -4*r = -n*z + 44. Suppose 17*s = -15*s + 2688. Calculate the greatest common divisor of z and s.
12
Let v(b) = 271*b - 1. Let c be v(1). Let t be (-1)/1 - c/(-15). What is the greatest common factor of 272 and t?
17
Suppose 3*s + 360 = 3*d, 3*d + 0*s - 2*s = 357. Let g = -3 + 22. Suppose -3*t + 55 = -4*b, -g = -3*t - 0*t - 5*b. What is the greatest common factor of d and t?
13
Let z(d) = -2*d**2 - 11*d - 7. Let m be z(-4). Suppose -m*u + 4 = -3*o, -5*u + 2 = -3*o - u. Calculate the highest common factor of o and 2.
2
Let s be 3 - (-3)/((-9)/6). Let v(w) = 34*w. Let d be v(s). Let p = d + 8. What is the highest common divisor of 6 and p?
6
Let i(h) = 12*h**2 - 2*h**2 + h**2. Let u be (-2)/1 + (1 - 1). Let f be i(u). Calculate the greatest common divisor of 4 and f.
4
Let k be 4/(-3 + (-2)/(-1)). Let f = -3 + 5. Let o be (k/2)/(f/(-10)). Calculate the highest common factor of 90 and o.
10
Suppose -5*y = -5, y + 4*y = -2*f + 101. Let r = -44 + f. Calculate the greatest common divisor of r and 2.
2
Let x = 29 + -19. Let y = -73 - -52. Let t = 9 - y. What is the highest common divisor of t and x?
10
Suppose 11*l - 9*l - 74 = 4*r, -3*l + 5*r + 113 = 0. What is the highest common divisor of 1025 and l?
41
Let o(a) = -a**2 + 8*a - 7. Let h be o(5). Suppose -u = 3*u - h. What is the greatest common factor of u and 14?
2
Let i(z) = z**3 + z**2 - 3*z + 3. Let w be i(3). Let b be (-6 + 5 + 0)/(2/(-90)). Calculate the greatest common factor of b and w.
15
Let a be 2/4*22 - -2. Suppose -2*f = -3*f - 3. Let w(i) = -18*i - 2. Let v be w(f). Calculate the greatest common factor of v and a.
13
Let d be (14/(-4))/((-1)/(-2)). Let f = 11 + d. Let b be (-2)/7 - (-994)/49. Calculate the highest common factor of b and f.
4
Let t(q) = -q**2 - 18*q + 47. Let f be t(-20). Calculate the greatest common factor of f and 259.
7
Let d(y) = 159*y + 32. Let w be d(2). What is the greatest common divisor of w and 100?
50
Suppose 5*r - 91 = -4*f, 0 = -3*r - r - 4*f + 72. Let w(p) = p**3 - 6*p**2 + 12*p + 3. Let z be w(4). Calculate the greatest common divisor of r and z.
19
Let c(u) = 3*u**3 - 8*u**2 + u - 36. Let w be c(4). What is the highest common factor of 1952 and w?
32
Let t be (-3)/(-15) - (-3893)/85. Suppose 3*h - 468 = -h + 2*p, 2*h - 238 = 2*p. What is the highest common divisor of t and h?
23
Let h(m) = -17*m - 71. Let s be h(-8). Calculate the highest common divisor of s and 10.
5
Let a = 14 + -7. Suppose -14 = -2*s - 2*r, 4*s + 2*r = 13 + a. Suppose 0 = s*f - 5*l - 3, -5 + 2 = -3*f + 2*l. Calculate the highest common factor of f and 9.
1
Let c be (-10)/15 + (-14)/(-3). Let m(t) = -8*t + 60. Let i be m(7). What is the highest common factor of c and i?
4
Suppose 2*q - 7*q + 10 = 0. Suppose 0 = q*i - 54 - 14. What is the greatest common divisor of i and 85?
17
Let x be (2 - 113)*(-197)/591. Suppose -4*l + 1665 = l. What is the greatest common factor of x and l?
37
Let v be 0/1*(-2)/4. Suppose v = 138*f - 141*f + 294. What is the greatest common factor of 7 and f?
7
Let q = 50 - 20. Let l be (-37 + 1)*(-20)/q. Let x = -3 + 15. Calculate the highest common divisor of x and l.
12
Let t be 1 - -4 - (-15 + 16). Let y be 98/(t - 3) + -2. Let i = -12 - -28. Calculate the highest common factor of y and i.
16
Let x = -250 - -324. Calculate the highest common factor of x and 4.
2
Suppose 3*s = 5*s + 2*h - 108, h + 201 = 4*s. Suppose l + 2*k = 33, 0 = 4*l + 3*k - 86 - s. What is the highest common factor of l and 35?
35
Suppose 2*b - 2*p - 78 = 3*p, 0 = -b + 5*p + 44. Suppose -116 = -10*t + b. What is the highest common factor of 15 and t?
1